nd s?
7
Let t = 215 + -213. Suppose 2*o + 3*o = 20. Suppose -4*b - 3*u + o*u + 51 = 0, 3*u = -4*b + 71. Calculate the greatest common divisor of t and b.
2
Let g be (1*-1)/(3/(-6)). Let y be 8 + (2 - g - 4). Let n be (-12)/(-3)*2/4. What is the highest common factor of n and y?
2
Let a(w) = w**2 + 9*w - 18. Let b be a(-8). Let c = b + 45. Calculate the greatest common factor of c and 209.
19
Suppose -377*w = -386*w + 819. What is the highest common factor of w and 1547?
91
Suppose -x - 454 = -4*x - u, 0 = -5*u + 20. Calculate the greatest common divisor of x and 45.
15
Let f be 14*(-33)/(-154)*1060/3. Calculate the highest common factor of 10 and f.
10
Let f be 438/8 + 2/8. Let j = -15 + 13. Let k be (-316)/(-28) - j/(-7). Calculate the greatest common divisor of k and f.
11
Let j be 6/14 + 119/(-49). Let y be ((-9)/6)/(6/208*j). Calculate the greatest common factor of 2 and y.
2
Let c(a) = a**2 - 3*a - 3. Let k be c(6). Let x = 14 - 8. Suppose -x*b + 675 = -b. Calculate the highest common factor of k and b.
15
Suppose 14 = p - 3*h + 5*h, 35 = 3*p - h. Let d(j) = -j**2 + 6*j + 2. Let k be d(6). Calculate the greatest common divisor of p and k.
2
Let i be (-20)/(-15) - (-56)/3. What is the highest common factor of 340 and i?
20
Suppose -2*n - 2 = 0, 8*n + 180 = 5*u + 13*n. Calculate the greatest common factor of 999 and u.
37
Let h = -1145 + 1175. Calculate the greatest common divisor of 195 and h.
15
Let r(l) = l**2 + 13 + 6*l + 0 - 4 - 7. Let g be r(-4). Let v be (-4 - g)*33/6. What is the highest common divisor of 44 and v?
11
Let p be 6/21 - ((-2385)/35)/3. What is the greatest common factor of 1495 and p?
23
Suppose -5*t - 189 = -2*b, -14*t + 9*t - 25 = 0. What is the greatest common factor of 205 and b?
41
Let r(i) = 1 + 1 + 3*i + 1. Let z be r(-3). Let o be ((-6)/5)/(z/45). What is the highest common divisor of 18 and o?
9
Let k be (-1)/((-3)/(-6)) + 10. Let p(r) = -33*r - 145. Let h be p(-5). Calculate the highest common divisor of k and h.
4
Let f be (-21)/49 - 2694/(-14). Let p be -2*(-5)/(-8) + 212/16. Calculate the highest common factor of p and f.
12
Let i = 100 - 96. Let m = 17 + -11. Calculate the highest common divisor of m and i.
2
Let a(n) = -14*n + 2*n - 4*n**2 + 8*n - n**3 - 3*n**2 + 4. Let q be a(-8). Let m = 27 - 7. What is the highest common divisor of q and m?
20
Let z be (-1)/((-3)/(-3))*1 - -16. Suppose -3*g - 6 + 87 = 0. Suppose -3*o + l + 77 = g, -20 = -o + l. What is the highest common factor of o and z?
15
Let w be 4/(-18) - 38/(-9) - -16. Let u = -182 - -272. What is the highest common factor of w and u?
10
Suppose -9*o = o - 40. Suppose 0 = -o*b + 4*x + 64, 0 = -0*b + 3*b + x - 68. Calculate the greatest common divisor of b and 14.
7
Let r = 0 + 3. Let q(f) = -2*f + 24. Let u be q(11). Suppose 63 = 5*m + u*i - 3*i, -4*m - r*i = -58. Calculate the greatest common divisor of 65 and m.
13
Suppose -2*x + 77*x - 2400 = 0. Calculate the greatest common divisor of x and 96.
32
Let v(a) = -a + 2. Let k be v(-5). Let j be (102/24 - 4)*12. Suppose 3*o + j*u - 156 = 6*u, -5*u + 230 = 5*o. Calculate the highest common divisor of k and o.
7
Let z(f) = 12*f - 5. Let s be z(5). What is the greatest common factor of 22 and s?
11
Let c = 203 - 182. What is the highest common divisor of c and 273?
21
Let k be ((-8)/(-3))/(1 + (-2)/6). Calculate the greatest common divisor of k and 6.
2
Let c(u) = -u**2 - 17*u + 162. Let v be c(6). Calculate the highest common divisor of v and 200.
8
Let n = -2564 + 4327. Calculate the highest common factor of n and 43.
43
Let g be 48/9 + (-4)/3. Suppose g*n - 88 = -3*m - m, 44 = 2*n - 3*m. Suppose -2 = -4*u - 2*a, 15 = 2*a - 7*a. What is the greatest common factor of u and n?
2
Let k = 303 + -268. What is the greatest common divisor of k and 175?
35
Let k(a) = 18*a + 38. Let v be k(8). Calculate the highest common divisor of v and 104.
26
Let i be (-6)/(-4) + 8/16. Suppose 5*l + f - 13 = -3, -3*f - 21 = -i*l. What is the highest common divisor of l and 1?
1
Let w = -44 + 16. Let b be (65/4)/((-7)/w). Let l be ((-1)/(-3))/((-2)/(-78)). Calculate the highest common factor of b and l.
13
Suppose 8*o = o + 63. Let h be -2*3*(-15)/o. Calculate the greatest common factor of 90 and h.
10
Let b = 2565 + -1785. Suppose a + 9*a = b. What is the greatest common factor of a and 117?
39
Let k = 11 - 8. Let y be 0*(-3)/(-27)*k. Suppose y = -3*w - w + 36. What is the greatest common divisor of 9 and w?
9
Suppose 5*a + x = 492, -36*x + 31*x = 2*a - 206. Calculate the greatest common divisor of 140 and a.
14
Suppose 2*j + 6*s - 11*s - 661 = 0, 4*s + 12 = 0. What is the highest common factor of j and 17?
17
Let l be 16302/104 + 6/(-8). Let h(g) = g**2 - 3*g - 6. Let m be h(6). What is the highest common divisor of m and l?
12
Let b(m) = -m**2 - 9*m. Let s be b(-8). Let k be (4 + s)/((-1)/2). Let h be k*(-4)/8*1. Calculate the greatest common divisor of h and 3.
3
Let i(m) = -70*m. Let g be i(4). Let p be ((-12)/8)/(6/g). Suppose 0 = -3*z - 4*v + 30, 2*z - 4 = -3*v + 15. Calculate the highest common factor of z and p.
14
Let t = 362 - 58. Let g = t + -178. Suppose 2*d + g = 4*d. What is the greatest common factor of 7 and d?
7
Suppose 0 = -31*k + 63204 - 10690. What is the greatest common factor of 42 and k?
14
Let b(v) = v**3 + 14*v**2 - v - 22. Let w be b(-14). Let q be (66/(-15))/(2/(-10)). Let j = q + w. What is the highest common divisor of 7 and j?
7
Let n = 1338 - 1080. Calculate the highest common factor of 430 and n.
86
Suppose 3*g - 61 = 5*g + 5*z, 28 = -g - 2*z. Let v be (g/(-10))/((-2)/(-10)). Suppose 0*f + f = v. Calculate the highest common divisor of f and 63.
9
Let h = 450 - 190. Calculate the greatest common factor of 104 and h.
52
Let q = -48 + 82. Let r = 22 - 240. Let b = 354 + r. What is the greatest common factor of q and b?
34
Let x(m) = -176*m**3 + m**2 + 3*m + 1. Let d be x(-1). What is the greatest common divisor of 35 and d?
35
Suppose 9*y = 4*y + 45. Let u(b) = b. Let j(w) = -14*w - 7. Let g(x) = j(x) + 6*u(x). Let t be g(-2). What is the highest common factor of y and t?
9
Suppose 4*g - 5*g + 3*o = -46, -o = -5*g + 216. What is the greatest common divisor of g and 215?
43
Suppose 0 = -3*h - 5*g + 87, 0 = -2*h + 3*h + 4*g - 22. Calculate the greatest common divisor of 204 and h.
34
Let w(a) = -13*a - 8*a + a**2 + 2*a + 18. Let k be w(18). Suppose -7*x + 5*x + 16 = k. Calculate the highest common factor of 48 and x.
8
Let p(v) = 2*v**3 - 5*v**2 - 2*v - 15. Let b be p(5). Calculate the greatest common factor of b and 40.
20
Suppose 2*r = -3*s, r = -s - 4*s - 14. Let w be 22/3 - (-4)/r. Suppose 63 = 5*b + 3. What is the highest common divisor of b and w?
4
Let k be 35*(2 - 28/20). What is the greatest common factor of k and 42?
21
Let w be 4 + (-4)/(-2) - (-4 - -2). Let z be (-6)/(18/16 + -1). Let r be 7/(28/w) - z. Calculate the greatest common divisor of r and 5.
5
Let b = -10 + 25. Let p(j) = j**2 - 6*j - 10. Let w be -6 + 7 - (-5)/(-1). Let g be p(w). Calculate the greatest common factor of b and g.
15
Suppose 5*p + 4 - 38 = 2*z, 0 = 2*z + 4. Let d(c) = 2*c**2 - 3*c + 6. Let a be d(p). Let h be (-10)/(4/1 - 5). What is the greatest common factor of a and h?
10
Let p(q) = 17*q - 196. Let j be p(14). Calculate the greatest common divisor of 21 and j.
21
Let q be (-3)/(-6) - 25/(-10). Suppose -9 = -k + q*n + 1, -2*n - 2 = 0. What is the greatest common divisor of 7 and k?
7
Let m(q) = 14*q**2 - q - 4. Let a be m(4). Suppose -5*o + 110 = 2*s, -5*o + 89 + 51 = -4*s. Calculate the greatest common factor of o and a.
24
Let a(g) = g**3 + 8*g**2 + 9*g - 4. Let o be a(-4). Calculate the greatest common divisor of o and 888.
24
Let f be 6/5*25/10. Let p be 1/((-154)/52 + f). What is the greatest common factor of 65 and p?
13
Let z(a) = 5*a**2 - 8*a - 66. Let q be z(17). What is the highest common divisor of q and 226?
113
Let c(f) = f**2 - 18*f + 26. Let o be c(11). Let p = o + 67. Let z = 11 - 3. What is the highest common factor of p and z?
8
Let z be (2093/(-39) + -1)/(2/(-21)). What is the greatest common factor of 41 and z?
41
Let a be -9*154/(-126) - 8. Let z(x) = -x - 1 + x**3 - 6*x**3 - 3*x**2 + x**2. Let b be z(-2). Calculate the greatest common factor of b and a.
3
Suppose 2*j + 95 =